= 6*o - 70. Let i be b(25). Let u = i - -216. What are the prime factors of u?
2, 37
Let r = 0 - -4. Let j be 3 + -10*(r + -3). Let h(t) = t**3 + 8*t**2 + 5*t. List the prime factors of h(j).
2, 7
Suppose -1474 = 4*d - 7766. What are the prime factors of d?
11, 13
Suppose -r = -16 - 66. Suppose -2*t = k - r, 3*k - 7*t + 4*t = 255. List the prime factors of k.
2, 3, 7
Let t(i) = i - 3. Suppose 0 = 4*q - 4, 2*s - 2*q = 6*s - 22. Let y be t(s). List the prime factors of 36 - 0*1/y.
2, 3
Suppose 37*d = 36*d + 388. List the prime factors of d.
2, 97
Let v(s) = -s**2 + 11*s + 6. Suppose 2*c + 22 = -12. Let l = 25 + c. List the prime factors of v(l).
2, 3, 5
Let m(z) = z**3 - 12*z**2 + 9*z + 15. Let x be m(11). Let p = -7 - x. Suppose t = 2, p*t - 47 = -5*y + 4*t. What are the prime factors of y?
11
Suppose 0 = 5*d - 5*k - 35, d + 3*k + 3 = 2*d. Suppose -r + d = -9. Let a = -6 + r. What are the prime factors of a?
2, 3
Suppose 5*x - s = -0*s + 96, -3*x + s = -58. Suppose -u = -r - 4*r - x, -5*r = 4*u - 1. Suppose -3*b + u*b - 52 = 0. What are the prime factors of b?
2, 13
Let l(f) = 8*f + 0*f**2 - 8 - f**2 + 0*f. Let g be l(6). Suppose 0 = -i - 4, -5*i - 86 = -g*r + 90. What are the prime factors of r?
3, 13
Let a = 5 - -1. Suppose -2*d + 12 = -5*k - a*d, -2*k + 4*d = -12. What are the prime factors of -2 - ((-27)/1 - k)?
5
Suppose 8*d - 36 = 7*d - 5*b, -3*b + 93 = 4*d. Let i = 4 + -8. List the prime factors of (i/3)/((-2)/d).
2, 7
Let h = 21 + -16. Suppose h*v - 390 = -v. What are the prime factors of v?
5, 13
Let k(g) = -g - 2. Let v be k(10). Let s be -2 + 38 + v/(-4). Suppose -4*r - s = -151. List the prime factors of r.
2, 7
Suppose 3*q + 4*u + 29 = 0, 4*q + u + 20 = -q. Let o(f) = -7*f**2 - 10*f**2 + 21*f**2 + 56*f - 6 - 60*f. List the prime factors of o(q).
2, 3, 7
Suppose 3*b - 51 = z, 4*b + 2*z - 69 = 3*z. List the prime factors of b/(-12)*(-23 + 3).
2, 3, 5
Let u = 35 + -27. List the prime factors of (3 - -32)*u/8.
5, 7
Let k be (-12)/(2 - -1) - -722. Let j be (-2)/16 + k/(-16). Let t = j - -74. List the prime factors of t.
29
Let w = -3 + -7. Let s(l) = -6*l - 15. Let d be s(w). Let a = -19 + d. What are the prime factors of a?
2, 13
List the prime factors of 256/7 - ((-696)/56 + 12).
37
Let m(j) = -j**3 - 3*j**2 - 6*j + 2. Suppose k + 2*w - 4 = 0, -5*k + 75 = -0*w - w. Suppose 3*a + k = 2*p, p + 16 = -4*a + 1. List the prime factors of m(a).
2, 3, 7
Let l be 2*9/(-6)*8. Let s = l + 57. List the prime factors of s.
3, 11
Suppose -3*p + 5 = 26. Let n = 11 + p. Suppose 2*o - 2 = 0, 4*s - 9*s = -n*o - 96. List the prime factors of s.
2, 5
What are the prime factors of (14/(-77))/((-3)/36597)?
2, 1109
Let y = 1957 - 911. What are the prime factors of y?
2, 523
Let t be (-27)/(-45) - 3/5. Suppose 4*b - k = 1158, t = -b + 12*k - 11*k + 291. What are the prime factors of b?
17
Let j(n) = 51*n - 10. Let v be j(3). Suppose -v - 13 = -4*b. What are the prime factors of b?
3, 13
Let a(n) = -896*n + 178. List the prime factors of a(-3).
2, 1433
Let v be (11 + -3)/((-3)/(-9)). Let l(o) = -o**3 + 27*o**2 - 58*o - 39. What are the prime factors of l(v)?
3, 11
Let u = -811 + 3138. List the prime factors of u.
13, 179
Let h = -87 + 37. List the prime factors of (h/15)/(-5)*180.
2, 3, 5
What are the prime factors of 0*10/(-50) - -1*74?
2, 37
Suppose 0 = -a - 0 + 4. Let o be (54/12)/((-2)/a). What are the prime factors of (o + 3)*(-1)/3?
2
Let d(o) = -136 - 132 + 9*o + 272. Let p(i) = -i**2 - 6*i + 3. Let t be p(-6). What are the prime factors of d(t)?
31
Let c(v) = -2*v - 10. Let z be c(-5). Suppose -2*y + 667 = 3*f - 6*y, z = -f - 3*y + 205. What are the prime factors of f?
7, 31
What are the prime factors of (44 - 127)/(2/(-2))?
83
Let k be (-5 - -7)*70/4. Let y = -45 + 53. Let f = k - y. List the prime factors of f.
3
Let t(l) = l + 2. Let k be t(-2). Suppose 4*c = -3*w + 474, k*c + 4*w - 232 = -2*c. List the prime factors of c.
2, 3, 5
Let y(g) = -2*g + 4. Let x be y(-3). Let l be (12 - x)/((-2)/3). What are the prime factors of 20*(3 - 2) + l?
17
Let p = -4226 - -6328. What are the prime factors of p?
2, 1051
Let y = -3973 - -7581. List the prime factors of y.
2, 11, 41
Suppose q + 3*q = 144. Suppose 2 + 78 = -4*a. Let j = q + a. What are the prime factors of j?
2
Suppose 343 = 9*o + 28. Suppose 81 = 2*x - o. What are the prime factors of x?
2, 29
What are the prime factors of (-150)/(4 - (4 - -2))?
3, 5
Let n = -63 - -65. List the prime factors of (-153)/(-18) + 2/(-8)*n.
2
Suppose -5*k + 8*k - 72 = 0. Suppose -3*t + 4 = 2*l, 0*t + 3*l - 1 = -2*t. Suppose -t*g = -b - 70, -g - 8*b = -3*b - k. List the prime factors of g.
2, 17
Suppose -b = -3*t - 2458, 3*t = -3*b + 5*b - 4931. List the prime factors of b.
2473
Let z = 44 - 42. Suppose 4*p + z*k - 179 - 237 = 0, 4*k - 8 = 0. List the prime factors of p.
103
Let m(w) = 11*w - 80. What are the prime factors of m(14)?
2, 37
Let a(p) = 2*p**3 + 7*p**2 + 2*p. Let u be a(5). Suppose -6*l + u = -l. List the prime factors of l.
3, 29
Let z = 676 - 141. List the prime factors of z.
5, 107
Let x(g) = -g**3 - 28*g**2 - 28*g - 23. Let y be x(-27). Suppose 0*m + 4*w = y*m - 140, 4*m - 145 = -w. List the prime factors of m.
2, 3
Let g(a) = a**3 - 7*a**2 - 23*a + 18. Let t be g(12). Suppose -4*r + u + t = 0, r - 2*u + 571 = 6*r. List the prime factors of r.
5, 23
Suppose 9*r - 4*r = 2*z + 7339, 0 = 4*z + 8. List the prime factors of r.
3, 163
Suppose -65*k - 36*k + 404606 = 0. What are the prime factors of k?
2, 2003
Suppose 2 = 3*m + 8. What are the prime factors of (-3 + 4)/(m/(-168))?
2, 3, 7
Suppose -i - 14 = i. Let f(j) be the third derivative of j**5/30 + 11*j**4/24 + 5*j**3/3 + 7*j**2. What are the prime factors of f(i)?
31
Let p = 7 + -2. Suppose 0*w = -5*w + 15, -p*n + 85 = -5*w. List the prime factors of n.
2, 5
Suppose -3*t + 16 + 11 = -3*l, -12 = -t + 4*l. Suppose 0 = -5*r + r + t. Suppose 0*o + 5*s + 52 = 2*o, 3*s = -r*o + 68. What are the prime factors of o?
31
Suppose 0 = 7*q - 7839 + 1679. What are the prime factors of q?
2, 5, 11
Suppose -34 = -2*z + 410. List the prime factors of ((-9)/27)/((-2)/z).
37
Let v be (-3)/(-2)*(-3 + 1). What are the prime factors of ((-138)/9 - 3)*v?
5, 11
List the prime factors of -12*(243/(-6) + 5).
2, 3, 71
Suppose 4*z = -8, -w = 4*w - 4*z - 3218. What are the prime factors of w?
2, 3, 107
Suppose 0*l + 295 = 5*a - l, a - 5*l = 59. Suppose 60*d - a*d - 167 = 0. List the prime factors of d.
167
Suppose r = -42 + 97. Suppose 3*a = -i - 14 - 0, -20 = -5*a. Let f = i + r. What are the prime factors of f?
29
Let q(j) = -332*j**3 - 2*j**2 + 2*j + 2. Let t be q(-1). Suppose 0 = 4*v - l - 247, -2*v - 3*l + t = 3*v. What are the prime factors of v?
3, 7
Let s be ((-12)/3)/((-8)/6). Let b(j) = 3*j - 3*j + j + 18 + s*j. What are the prime factors of b(6)?
2, 3, 7
Let t = 72 - 191. Let c be (-34)/t + 4/(-14). Suppose z + 4*z - 85 = c. What are the prime factors of z?
17
Let m be 168/90 + (-8)/(-60). Suppose -2*d = -5*g - 112, 4*d + m*g + g - 276 = 0. What are the prime factors of d?
2, 3, 11
Let t(m) = 5*m + 3. Let w be t(8). Suppose 4*f = 2*a - w - 1, -3*a + 3*f = -63. What are the prime factors of a?
2, 5
Let g(q) = -q**2 - 6*q + 2. Let l be g(-6). Suppose 0 = 3*r - 0*r + 15, -l*r - 90 = -5*t. Suppose -1 = 5*v - t. What are the prime factors of v?
3
Suppose -4*d = 4*u - 5844, 205*u - 2916 = -2*d + 200*u. List the prime factors of d.
7, 11, 19
Suppose 7*n + 2*n = 27. Let h be 0*(14/4 - 3). Suppose -i = 4*t + i - 262, n*i - 15 = h. List the prime factors of t.
3, 7
Let h(w) = -2*w**3 + w**3 + 0 - w**2 + 14. Let l be h(0). What are the prime factors of l/21*102/4?
17
Suppose 2*w + z = 3*w + 3, 5*z = 3*w + 17. List the prime factors of 3255/30 + w/(-2).
2, 3
Suppose -107673 = 53*n - 367532. What are the prime factors of n?
4903
Let u = -132 + 566. List the prime factors of u.
2, 7, 31
Suppose 14*i + 35 = 19*i. Suppose -930 + 3093 = i*r. List the prime factors of r.
3, 103
Suppose 3*l - 32 + 2 = 0. Let w be l - -1*0/(-3). Suppose 10*c - 5*c + 2*a - 19 = 0, c = -5*a - w. List the prime factors of c.
5
Suppose 0*w - 4*w - 4272 = -5*g, -4*g + 3396 = 4*w. List the prime factors of g.
2, 3, 71
Suppose -3*t + o = 5*o - 305, 0 = 3*t - o - 325. What are the prime factors of t?
107
Let n(